e factors of 6*-1*-2 + 0?
2, 3
Let d(t) = -2*t**2 - 3*t - 1. Let a be d(-4). Let q be (-49)/a + 4/6. Suppose q*j - 4*g = 17, -5*g = -2*j + 3*j + 7. What are the prime factors of j?
3
Suppose 2*c = 5*p - 167, -5*p = -0*p + c - 164. List the prime factors of p.
3, 11
Let h(g) = -2 + 4 - 5 + 1 + 8*g. Let v be h(4). What are the prime factors of (-3)/(-2*3/v)?
3, 5
Let b(s) = -7*s**2 - 10*s - 3. Let t(n) = 6*n**2 + 10*n + 2. Let w(j) = 5*b(j) + 6*t(j). Let a be w(-10). List the prime factors of (-1)/(-3) + (-20)/a.
7
Suppose -6 = -3*l - v, 2*l - 4 = -0*v + 4*v. Suppose -l*d + 0 = -10. Suppose -13 = -6*i + d*i. What are the prime factors of i?
13
Let c(a) = -a**2 + 4*a - 1. Let k be c(3). Suppose 4*o = -x + 29, 2 = -5*o + k*x + 22. List the prime factors of o.
2, 3
Suppose 0 = r - 2*r + 20. What are the prime factors of r?
2, 5
What are the prime factors of 4/(-14) - 4360/(-70)?
2, 31
Let r(u) = u**2 + u. Let t be r(0). Suppose t = 5*o - 57 - 33. List the prime factors of (-2)/((6/(-3))/o).
2, 3
Let v = -18 - -20. Let n(x) = 2*x**3 - 3*x**2 + 2*x. List the prime factors of n(v).
2
Let s = 5 - 2. Suppose 44 = 5*u - s*u. What are the prime factors of u?
2, 11
What are the prime factors of 2/(-10) + (-251)/(-5)?
2, 5
Let o(x) = x + 5. Let g = -2 - -7. What are the prime factors of o(g)?
2, 5
Let a = -62 + 230. What are the prime factors of a?
2, 3, 7
Suppose 3*n + 154 = 5*n. List the prime factors of n.
7, 11
Let z(a) = -a**2 + 15*a + 3. Let h be z(14). Suppose 2*x + 2*w - 3*w - h = 0, 5*x - 5*w - 55 = 0. List the prime factors of x.
2, 3
Suppose 110 = 5*y - 85. List the prime factors of y.
3, 13
Suppose 34 = 2*s - 4*p, 5*p - 81 + 20 = -2*s. What are the prime factors of s?
23
Let a(f) be the third derivative of f**5/30 - 3*f**4/8 - f**3 + f**2. Let k be a(7). Suppose 5*l + 4 = k. List the prime factors of l.
5
Let q be (-12)/30 + (-63)/5. List the prime factors of 169/q*-1*1.
13
List the prime factors of 23 - (-4)/(-2) - -1.
2, 11
Let t be (6/(-3))/2*-54. Let q = t + -37. What are the prime factors of q?
17
Suppose -l + 5 = -3*z - 24, -4*l + 76 = -4*z. Suppose -2*a = 3*a + 5*n, -4*n = 5*a - 3. What are the prime factors of (l - 1) + (2 - a)?
2, 3
Let p be 42/2*(-6)/(-9). Let y(w) = -2*w + 4. Let u be y(3). Let t = p + u. List the prime factors of t.
2, 3
Suppose 0 = -3*r - 59 + 185. Suppose -3*g + r = -21. List the prime factors of g.
3, 7
Suppose -2*x = x + 63. Let s = x - -36. List the prime factors of s.
3, 5
Let k(g) be the second derivative of g**4/12 - 5*g**3/6 + 3*g**2 - 4*g. Let s(u) = u**2 - 4. Let l be s(3). List the prime factors of k(l).
2, 3
Let v be (-16)/(-12)*171/3. Let g = v + -41. List the prime factors of g.
5, 7
Suppose 3*l - 15 = -2*l. Suppose -2*r + 1 = -l. List the prime factors of (r + -4 - 7)*-1.
3
Let l be 49 + -1 - (3 + 1). Suppose 0 = -19*u + 17*u + l. List the prime factors of u.
2, 11
Suppose -2*s = -153 + 5. List the prime factors of s.
2, 37
Let h(f) = 3*f**2 - f**2 - 2 - 2*f + f**2. List the prime factors of h(-2).
2, 7
Suppose -142 = -4*t + 34. List the prime factors of -1*4/(-8)*t.
2, 11
Suppose k - 72 = 5*k. Let p = k - -44. What are the prime factors of p?
2, 13
Let b = 129 - 88. What are the prime factors of b?
41
Suppose 2 = 6*o - 4*o, -4*s = -2*o + 102. Let y = s + 32. List the prime factors of y.
7
Suppose s + 5*x - 3 = 0, s - 13 + 6 = -x. Suppose 5*b - s = b. What are the prime factors of (b - -3) + (1 - 1)?
5
Let p be 24*(9/(-6) - -2). Let t be p/((15/(-2))/(-5)). Let m(u) = -u**2 + 10*u - 9. List the prime factors of m(t).
7
Let v be (352/(-33))/((-1)/3). Let a = -1 + 1. Suppose -v = -4*g - a. What are the prime factors of g?
2
Suppose 15 + 102 = 3*l. List the prime factors of l.
3, 13
Let z(a) = -a**3 + 18*a**2 + 5*a - 19. What are the prime factors of z(18)?
71
Let j(a) = a**3 - 3*a**2 - 3*a - 3. Let b be j(4). Let u(f) = 4*f**3 + f**2 - f. Let k be u(b). Suppose -17 = -y - k. What are the prime factors of y?
13
Suppose 0*q = 3*q - 12. Suppose -q*x - i + 0*i + 3 = 0, -4*i = -x + 22. Suppose 18 = 5*g - x. List the prime factors of g.
2
Let z = -29 + 44. Suppose -4*b + b - z = 0. Let o = -3 - b. What are the prime factors of o?
2
Let h be 4/6*(1 - 7). Let d(y) = y**3 + 3*y**2 - 5*y - 1. What are the prime factors of d(h)?
3
Let c = -12 + 9. Let i = c - -8. Suppose 0 = i*o + 3*v - 59, -5*o + 47 = v - 2*v. List the prime factors of o.
2, 5
Let m be 2/4*(-3 - -1). Let w be 0*(1 + -1 - 1). List the prime factors of (-7 - 0)*(m - w).
7
Let u(h) = 6*h + 35. What are the prime factors of u(28)?
7, 29
Suppose 115 = i + 4*i. Suppose -2*t + 65 = -i. List the prime factors of t.
2, 11
Suppose -5*x - 114 = -529. List the prime factors of x.
83
Let a be (20 - -2) + (0 - 0). Let y = a + -11. List the prime factors of y.
11
Suppose -o + 0*o + 15 = 0. What are the prime factors of o?
3, 5
Suppose -2*w = -0*h + 3*h - 8, -5*w = 5*h - 20. Suppose -4*p + 0*p = h. Suppose 2*v - 3*s - 13 = -p*s, -5*s - 5 = 0. What are the prime factors of v?
5
Let b be 0/(0/(-1) + -1). Let h(a) = -8*a + 0*a + 1 + b. List the prime factors of h(-1).
3
Suppose -4*y + 7 = o, 3 = 4*y + 5*o - 0*o. Let w be (-1)/((-1)/3*1). Suppose 5*c + 3*r = 27, 0*r - w*r + 6 = -y*c. What are the prime factors of c?
3
Suppose -p = -2*p + 9. List the prime factors of p.
3
Let o(p) = p**3 - 3*p**2 + 2*p + 3. Let j be o(3). Let y be -2 - ((-2 - 1) + -4). Suppose y*k - 1 - j = 0. What are the prime factors of k?
2
Let b(y) = -y**3 + 13*y**2 + 5*y - 17. List the prime factors of b(13).
2, 3
Suppose -21*x + 19*x + 78 = 0. What are the prime factors of x?
3, 13
Suppose 676 = -15*a + 17*a. What are the prime factors of a?
2, 13
Let z = -34 + 153. List the prime factors of z.
7, 17
Let y = 2 + -2. What are the prime factors of (y - (3 + -8))/1?
5
Let o(t) = 7*t**2 + 2*t - 2. Let w be o(-2). Suppose -4*y + 18 = -w. List the prime factors of y.
2, 5
Let s = -2 + 1. Let a(z) = -4*z**3 - 2*z**2 - z. Let d be a(s). List the prime factors of (-1)/(-3) - (-35)/d.
2, 3
Let b(u) be the first derivative of -u**2/2 + 14*u + 1. List the prime factors of b(8).
2, 3
Suppose 0 = 2*k - 3*k + 126. What are the prime factors of k?
2, 3, 7
Suppose 0 = d, 3*u + 5*d = 16 - 7. Suppose 0 = -u*l + 15 + 27. List the prime factors of l.
2, 7
Let w = 36 + 10. Let g be w/14 + (-4)/14. Suppose -6 = -g*x + 12. What are the prime factors of x?
2, 3
Let i(t) = -t**2 + 6*t - 2. Let d be i(5). Suppose 0 = d*j - 12. Suppose 0 = x - 15 + j. List the prime factors of x.
11
What are the prime factors of (5/(-20) + 3)/((-2)/(-152))?
11, 19
Suppose -4*i + 60 = i. Let w be 3/i + 561/(-4). List the prime factors of w/(-8) + (-3)/2.
2
Let w(y) = -y**2 + 9*y - 3. Let f be w(9). Let o be f - (-6 - (-3 - 0)). Let v(h) = -h**2 + 4. List the prime factors of v(o).
2
Suppose 36*r - 23 = 35*r. List the prime factors of r.
23
Suppose 4*h - 67 = 3*m, -3*m - 31 - 20 = -3*h. List the prime factors of h.
2
Let r = 6 + -4. List the prime factors of (2/r)/(3/27).
3
Suppose -100*v = -101*v + 2. Suppose m = 5*m + 2*u + 522, 5*u = -5. List the prime factors of m/(-8) - v/8.
2
What are the prime factors of (-942)/4*(-40)/60?
157
Let l(p) = -p**3 + 7*p**2 + 6*p + 2. What are the prime factors of l(7)?
2, 11
Let b = -31 + 50. List the prime factors of b.
19
Let p(y) = 4*y**3 - 4*y**2. What are the prime factors of p(2)?
2
Let u be 2/(-2) - (-12 - -26). Let x = -10 - u. List the prime factors of x.
5
Let g = 14 - -1. Let n = g - 11. List the prime factors of n.
2
Suppose -x = l - 8, x = -0*l - 2*l + 13. Suppose 3*h + 4 = x*w - 2, -w + 2 = 2*h. Suppose 0 = -h*g + g - 4. What are the prime factors of g?
2
Let o(p) = p + 1. Let y(r) = -4*r - 4. Let f(t) = -3*o(t) - y(t). What are the prime factors of f(7)?
2
Let u(m) = m**3 - 3*m**2 - 5*m - 7. Let l be u(5). Let b = l - 8. List the prime factors of b.
2, 5
Let g = -70 - -125. List the prime factors of g.
5, 11
Let i(y) = -y - 6. Let b be i(-6). Let j be 2 + (0 - b) + 18. Let n = j - 14. What are the prime factors of n?
2, 3
Suppose -4*r = 5*b - 265, 2*r + 4*b - 148 + 20 = 0. What are the prime factors of r?
2, 5, 7
Let o be (4/(-6))/(5/(-30)). Suppose -o*d - 35 = -5*y + 28, -2*y = 4*d - 42. What are the prime factors of y?
3, 5
Let p = 10 - 19. Let q = 4 + p. Let a(k) = -2*k - 5. List 